are the prime factors of f(-6)?
13
Let k = 249 + -153. List the prime factors of k + 3*3/(-3).
3, 31
Suppose 39 - 12 = 9*v. Let l(t) = 18 - 3*t**2 - 2*t**3 - 13*t + 3*t**v - 13. What are the prime factors of l(6)?
5, 7
Let n = -19 - -21. Let i(b) = -3 - 6*b + 5*b**2 + b**3 + 5*b**n + 12. What are the prime factors of i(-10)?
3, 23
Suppose 2*r + 14 = 2. What are the prime factors of (13 + -9 + -7)/(r/490)?
5, 7
Suppose 0*c - 17 = c + 4*q, -3*q = 5*c + 34. Let k = 23 + c. List the prime factors of k.
2, 3
Let t(o) = 12*o - 39. Let q(u) = 4*u - 13. Let w(n) = 11*q(n) - 4*t(n). List the prime factors of w(-12).
61
Let i(s) = -2*s - 6. Let t be i(-4). Suppose 3*v + 5 = 4*v + t*h, 2*h = v - 1. Suppose v*d + 129 = -0*k + 3*k, 5*d = -15. List the prime factors of k.
2, 5
Let o(k) = -37*k + 31. Let u be o(-19). Suppose -4*s - 900 = -5*c, 5 = -4*c + 5*s + u. List the prime factors of c.
2, 11
Suppose -272 = 2*g + 66. Let q = -23 - g. What are the prime factors of q?
2, 73
Let x(p) be the first derivative of 7*p - 8/3*p**3 - 7 + 5/2*p**2 - 1/4*p**4. List the prime factors of x(-9).
43
Let h(o) = 2*o**2 + 8*o + 2. Let v(u) = 0 + 1 + 5*u - 6*u. Let i be v(8). List the prime factors of h(i).
2, 11
Let z(v) = 3*v**2 + 28*v + 133. What are the prime factors of z(-7)?
2, 3, 7
Let n be 3 - (0 - (4 + 141)). List the prime factors of n - (-4)/(-2)*9/18.
3, 7
Let j(k) = -k**2 - 19*k - 62. Let g be j(-3). Let b(u) = u**2 - u + 4. Let a be b(-3). Let y = g + a. List the prime factors of y.
2
Suppose s = -2*x + 4520, -2*x - 2454 = -s - 6982. What are the prime factors of x?
2, 3, 13, 29
Let w(g) = 16*g**2 - 13*g + 14. What are the prime factors of w(4)?
2, 109
List the prime factors of -2*(-16 - -8)*119.
2, 7, 17
Let x be (8/10)/(9/45). Let r be (-9)/(x/(-4) + 2). List the prime factors of ((-2)/4)/(r/108).
2, 3
What are the prime factors of (-6816)/(-6) + (-7 - 25/(-5))?
2, 3, 7
Suppose 16 = -4*l, 3*d + 2*l = 62 - 241. Suppose a + 5 = 0, i - 6*i - a = 600. Let n = d - i. List the prime factors of n.
2, 31
Let n(w) = w**3 + 4*w**2 + 4. Let v be n(6). Suppose -5*h + 0*k = -2*k - v, 0 = -h - k + 70. List the prime factors of h.
2, 3
Suppose -8*s + 6*s = -1188. Let c = -342 + s. What are the prime factors of c?
2, 3, 7
Suppose 2*k - k = 0. Suppose 3*f - 4 = 11, -2*w + 3*f - 23 = k. List the prime factors of 3/(-3)*w + 12.
2
Let y be (-2)/(-3) - (-20)/15. Let f = 1 + y. Suppose a = f*l - a - 25, -2*l + 10 = -3*a. What are the prime factors of l?
11
Let p(d) = -d**2 + 9*d - 10. Let a be p(7). Suppose -a*f = -o + 73, -3*o + 137 = -o + f. List the prime factors of o.
3, 23
Let f = -8 - -16. Let j(q) be the third derivative of -q**6/120 + 2*q**5/15 + 5*q**4/24 - 5*q**3/3 - 4*q**2 + 5. List the prime factors of j(f).
2, 3, 5
Suppose 0 = -4*z - 105 + 21. Let o be -1 - (-1 + (-36 - 2)). Let p = o + z. List the prime factors of p.
17
Let k(t) = -t**2 - 18*t + 21. Let a be ((-195)/52)/((-2)/(-8)). What are the prime factors of k(a)?
2, 3, 11
Let x(d) be the second derivative of 5*d**3/2 - d**2/2 - 13*d. What are the prime factors of x(5)?
2, 37
Let b(k) = -k**3 - 8*k**2 + 9*k + 2. Let a be b(-9). What are the prime factors of 3650/65 + a/(-13)?
2, 7
Let z(v) be the third derivative of v**6/120 + v**5/5 + 13*v**4/24 + 13*v**3/6 + 2*v**2 + 11. What are the prime factors of z(-10)?
83
Let y(x) = x + 4. Let b be (-18)/(-2)*2/(-6). Let s(k) = 4*k + 12. Let o(j) = b*s(j) + 8*y(j). What are the prime factors of o(-3)?
2
List the prime factors of (-51)/(2/(-1770)*9).
5, 17, 59
Suppose 6*s + 610 = 2590. List the prime factors of s.
2, 3, 5, 11
Let f be ((-10)/(-15))/(2/(-6)). Let r be (-16)/(-12) + f/(-3). Suppose 21 = -2*d + 4*d + 3*w, r*w = 2. List the prime factors of d.
3
Let y = 3 - 1. Let k(s) = -3*s**2 + 3*s**y - s + 2*s**2 - 1 - 6*s**2 + s**3. What are the prime factors of k(5)?
19
Suppose b = 2*n + 8, -4*n - 12 = -b + 2. Suppose 7*c - 1 = 13. Suppose -c*z - 100 = -5*d + d, 0 = b*z + 4. What are the prime factors of d?
2, 3
Let x(h) = -55*h**3 + 2*h**2 + 5*h + 4. List the prime factors of x(-3).
2, 373
What are the prime factors of 1*27*-6*-1?
2, 3
Let v(b) = 0*b + 41 - 3*b + 7*b + 10. What are the prime factors of v(-11)?
7
List the prime factors of 11298/7 + (-3)/((-6)/(-2)).
1613
Suppose -3*n - j + 5164 = 0, -3*n + 5*j + 2888 + 2306 = 0. What are the prime factors of n?
1723
Suppose 5*w + n = 2306 + 916, -4*n = 2*w - 1296. Let y = -418 + w. What are the prime factors of y?
2, 113
Let b be (-2 + 2 - 0)/1. Suppose b = l + h + 2*h + 3, 4 = -3*l - 4*h. Suppose l = -4*m + 3*m + 17. What are the prime factors of m?
17
Suppose 2*j = 3*c - 5 - 2, -5*c = -j + 14. Let a(y) = 14 + 11*y + 2*y**2 + y**2 - 2*y**2. List the prime factors of a(j).
2, 7
List the prime factors of ((-7 - 1)/(-8))/((-1)/(-250)).
2, 5
List the prime factors of 4/(-10) + 287692/355.
2, 3, 5
Suppose -3*m + j + 971 = 0, 5*m - 5*j = 3*m + 656. Suppose -3*f - 44 = -m. What are the prime factors of f?
3, 31
Let o be 237/(-2) - 7/(-14). Let y = o - -328. What are the prime factors of y?
2, 3, 5, 7
List the prime factors of (-39496)/(-28) + -13 - 6/(-14).
2, 3, 233
Let x = -111 - -246. List the prime factors of (48/(-18))/((-2)/x).
2, 3, 5
Let k be 38/14 + (-16)/(-56). Suppose 10*p - k*p = 308. What are the prime factors of p?
2, 11
Let n(m) = 5*m**3 + 3*m**2 - m - 2. Let t be n(-3). Let f = t + 216. What are the prime factors of f?
109
Let i(m) be the first derivative of -2*m - 12 + 1/4*m**4 + 7/3*m**3 - 2*m**2. What are the prime factors of i(-7)?
2, 13
Suppose 4*k + 1168 = 3*z - 888, -3*z + k = -2071. List the prime factors of z.
2, 173
Suppose 0 = 3*x - 2*z - 591 - 275, -z = -3*x + 862. What are the prime factors of x?
2, 11, 13
Let l(i) = i**3 - 4*i + 12. What are the prime factors of l(7)?
3, 109
Suppose 233 + 317 = 5*g. List the prime factors of g.
2, 5, 11
Let s = 500 + -327. Let v = s + -96. List the prime factors of v.
7, 11
Let r = 27 - 27. Suppose 3*s - a + r + 1 = 0, -s - a + 5 = 0. What are the prime factors of 21 + (0 - s - -2)?
2, 11
Suppose 4*p - 10 = 270. List the prime factors of (-2)/7 - (-3450)/p.
7
Let p(y) = 17*y - 120. What are the prime factors of p(50)?
2, 5, 73
Let j be (84/70)/((-6)/(-140)). Suppose 0 = -4*r + 52 + j. What are the prime factors of r?
2, 5
Suppose 0 = 3*m + 10 - 16. Suppose 8 = -4*s - g - 4, -5*g + 12 = m*s. What are the prime factors of 1*s + (-4 - -15)?
7
Suppose 1912 = 2*h + 728. List the prime factors of h.
2, 37
Let r(l) = -2*l - 1. Let u be r(1). Let z(a) = 31*a**2 - 4*a - 14*a**2 - 14*a**2. What are the prime factors of z(u)?
3, 13
Let l(i) be the first derivative of -9*i**2 + 22*i + 18. List the prime factors of l(-5).
2, 7
Suppose 3*n = -2*n - 5*v - 25, -3*n - 3 = -3*v. What are the prime factors of (8/n)/((-2)/6)?
2
Let l(z) = z. Let r(m) = -12*m + 3. Let p(t) = 2*l(t) - r(t). List the prime factors of p(2).
5
Suppose 16*n = 14*n + 16. Suppose 140 = 10*s - n*s. List the prime factors of s.
2, 5, 7
Let v = 75 + -123. List the prime factors of (-2340)/v + (-1)/(-4).
7
Let g(x) = -34*x - 382. What are the prime factors of g(-49)?
2, 3, 107
Let w = 135 - -461. What are the prime factors of w?
2, 149
Let c = -2 - -4. Let k = -17 + 22. Suppose -2*h = -c*l + 6*l - 92, 0 = -k*h + l + 263. What are the prime factors of h?
2, 13
Let k = 47 + -115. Let a = -14 - k. What are the prime factors of a?
2, 3
Suppose -737 = -2*w + 537. List the prime factors of w.
7, 13
Suppose s + 4 = -3*l, -3*s - s - 5*l = 2. Suppose -s*d = -7*d + 90. Suppose -d = b - 74. List the prime factors of b.
2, 7
Let u(j) be the third derivative of j**6/120 - j**5/60 - 3*j**4/8 - j**3/3 - 24*j**2. List the prime factors of u(7).
229
Suppose 343 = 4*h - 557. Suppose 5*f - 8*f + h = 0. List the prime factors of f.
3, 5
Suppose -9583 = 9*r - 26854. What are the prime factors of r?
19, 101
Let k(q) = 34*q - 159. What are the prime factors of k(10)?
181
Suppose 3*p - 180 = 5*g - 3*g, -120 = -2*p - 5*g. Suppose b = -3*b - p. List the prime factors of ((-126)/b)/((-12)/(-40)).
2, 7
Let y = -101 - -179. Suppose 84 = v + y. List the prime factors of v.
2, 3
Suppose 58510 - 7705 = 9*x. List the prime factors of x.
5, 1129
Let n be -12 + (-3 - 1 - -1). Let i = n + 69. What are the prime factors of i?
2, 3
Let d = 5 